 be -3*3/9*1. Let l be m(a). Let x(k) = k**2 - 8*k + 11. What is the units digit of x(l)?
0
Suppose -3*u - 1 = -10. Suppose -u*l + l + 2*g = -30, 11 = l + 3*g. Suppose 5*x + 2*c - 90 = 0, -4 + l = -2*c. What is the units digit of x?
0
Let p(m) = 23*m**2 + 22*m - 207. What is the hundreds digit of p(12)?
3
Suppose -9*x = 2*a - 4*x - 1331, -3*x - 2701 = -4*a. What is the hundreds digit of a?
6
Let p(g) = -26*g + 4. What is the tens digit of p(-15)?
9
Suppose 23*z = 4*z + 24111. What is the hundreds digit of z?
2
Let q(w) = -19*w + 38. Let r(x) = 55*x - 115. Let l(y) = 8*q(y) + 3*r(y). What is the units digit of l(13)?
8
Let x = -43 + 49. What is the hundreds digit of -2 + (-10)/(-6) + 608/x?
1
Suppose -169*f + 162*f = -9751. What is the units digit of f?
3
Suppose -15*x + 19*x = 320. Let a = x - 33. What is the units digit of a?
7
Let s = -623 + 1404. What is the tens digit of s?
8
Let g be 42 + 7 + 3/(-1). Let a = g + -33. What is the units digit of a?
3
Let u = 276 - -87. What is the hundreds digit of u?
3
Suppose -102*k + 70119 = -75*k. What is the tens digit of k?
9
Suppose -1 = 2*r - 69. Suppose -v - r = -3*v. What is the tens digit of v?
1
Let o(v) = -v**2 + 5*v + 2. Let h be o(5). Suppose 0 = 6*m - 11*m - 4*u + 151, -h*m + 60 = 2*u. What is the tens digit of m?
3
Suppose 8*x = 4*x - 24. What is the tens digit of (-572)/x + (5 - 16/3)?
9
Let b(c) = -1 + 0 + 55*c**3 + 30*c**3. Let p be b(1). Suppose -2*x - p = -5*x. What is the tens digit of x?
2
Let k(g) = -34*g - 1. Let a be k(-4). Let f be (2/6)/(9/a). Suppose 5*c - 131 = -j, -c - c = f*j - 34. What is the units digit of c?
7
Let x(l) = -l**3 + 3*l**2 + 6*l. Let y be x(5). Let g = 132 + -62. What is the units digit of 116/14 + y/g?
8
Suppose 20 = -4*j + 8*j. Suppose 8 = -j*d + 28. Suppose 0 = d*s - p - 31, 0*s + 4*s + 2*p = 22. What is the units digit of s?
7
Suppose 2*s + 89 = 5*a + 3*s, 5*a + 4*s - 101 = 0. Suppose 20*d - 360 = a*d. What is the tens digit of d?
2
Suppose 3*n = 3*j - 495, -j + 4*n + 174 = 6*n. What is the tens digit of j?
6
Let s be (0 - 4/2) + (77 - 1). Let q = s + -20. What is the tens digit of q?
5
Suppose 4*k = 2*k + 6. Let x(j) = -5*j**3 - 6 + 4*j**k - 3 + 17*j**2 + 4*j - 7*j**2. What is the tens digit of x(10)?
3
Suppose 231 + 169 = 5*q + 2*p, q = -3*p + 80. Suppose 4*x + o = q, x + 40 = 3*x - 3*o. What is the units digit of x?
0
Suppose 2*p = l + 11, 3*p - 3*l - l - 14 = 0. What is the tens digit of ((-316)/p)/(22/(-33))?
7
Suppose 0 = -340*x + 339*x + 425. What is the tens digit of x?
2
What is the tens digit of (-13141)/(-153)*(-1 - -10)?
7
Suppose -31 + 0 = -4*y - 3*l, -3*l + 11 = -y. Suppose y*q - 122 = 146. What is the units digit of q?
7
Let k(u) be the first derivative of u**4/4 + 13*u**3/3 + 11*u**2/2 - 10*u - 13. What is the units digit of k(-12)?
2
Suppose -2*h - 431 = -7*h - 4*n, 3*h - 3*n - 264 = 0. Suppose -h + 303 = 4*u. Suppose 0 = -5*w + u + 6. What is the tens digit of w?
1
What is the units digit of 76 - -1 - (-138)/23?
3
Let k(r) = 2*r - 2 - 1 + 4 + 1. Suppose 3*v - 15 = 9. What is the tens digit of k(v)?
1
Suppose 0 = 5*t - 2*b + 3*b - 462, 2*t + 4*b - 174 = 0. What is the units digit of t?
3
Let m(r) be the second derivative of -r**5/20 + r**4/12 + 7*r**3/6 + 213*r**2/2 - 36*r. What is the tens digit of m(0)?
1
What is the tens digit of (360 - -1)*(18 + -6 - 5)?
2
Let t(p) = -p**2 - 18*p - 24. Let s be t(-13). Let b = s + -26. What is the units digit of b?
5
Suppose 0 = -5*x + 20, 4*r - 588 = -x - 0*x. Let d = 210 - r. Let j = d - 46. What is the units digit of j?
8
What is the units digit of (-2 + (-3 - 3))*82/(-8)?
2
Suppose 0 = 3*v - 3 - 6. Let d(n) = n**3 - 2*n**2 + 3*n - 2. Let m be d(v). Suppose -2*g + 0 = -m. What is the units digit of g?
8
What is the units digit of (-4392630)/(-1015) - 4/(-14)?
8
Let z = -49 + 61. Suppose z*w - 7*w = 580. What is the units digit of w?
6
Suppose -2*m + 4*c + 3540 = 0, -2*m - 3*c + 1745 = -m. What is the hundreds digit of m?
7
Suppose 0 = 3*s - g - g - 16975, -4*s + g = -22635. What is the tens digit of s?
5
Let u be (-6)/((-150)/(-5)) + 592/10. Suppose 13 + u = 6*k. What is the units digit of k?
2
Let x be (-21)/6*(2 - 4). Suppose -9*y + x*y = -4. Let m = y + 5. What is the units digit of m?
7
Let z = -49 + 54. Suppose -2*w = 2 + 4, z*x + 4*w - 288 = 0. What is the units digit of x?
0
Suppose 0*i - 5197 = -r + 4*i, -2*i + 20878 = 4*r. What is the thousands digit of r?
5
Let j(t) = 15*t**2 - 2*t - 1. Let p be j(-1). Let f(i) = i**2 + 2*i + 5. Let b be f(0). Suppose -b = -m, 3*x - 4*x + m = -p. What is the units digit of x?
1
Let r = 1018 + -606. What is the hundreds digit of r?
4
Let a(m) = -46*m - 68. What is the tens digit of a(-38)?
8
Suppose -q - 2*q + 9 = 0. Let v be -4 + q - 8*-2. Suppose 0 = -i + v + 5. What is the tens digit of i?
2
Let o(l) = 42*l**2 - 7*l + 30. What is the units digit of o(4)?
4
Let v be 4 + 9/(-1) - -2. Let u be v - (-2 + (2 - 4)). Suppose -4*x - 3 - u = 0, 5*m - 28 = -2*x. What is the units digit of m?
6
Suppose 4*o = 4*g - 12, -3*o - 10 = -2*g - 4. Let w = g + 12. What is the tens digit of w?
1
Let o = 7 - 5. What is the tens digit of (-66)/2*(68/(-12) + o)?
2
Let f(g) = -4*g + 52. What is the tens digit of f(3)?
4
Let b = -11 + 11. Suppose -20 - 16 = -3*v + i, 4*v + 3*i - 61 = b. What is the units digit of v + 4/(1 - -3)?
4
What is the thousands digit of -93*1*1680/(-126)?
1
What is the hundreds digit of (0/(-1) + 1)*(2823 + -547)?
2
Let s(q) = -8 + 3 + 0 + 4 + 39*q**2. What is the tens digit of s(-1)?
3
Let m = 2832 - 1713. What is the units digit of m?
9
Suppose 6 = 3*z, 0 = -4*i - z - z + 20. Let y be 6*(0 + 2 + -7). What is the units digit of (y/4)/(-1)*i?
0
What is the units digit of (2 - 770/6)/(5/(-15))?
9
Suppose 0 = r - 5, m - 5*r + 2*r - 307 = 0. What is the hundreds digit of m?
3
Suppose -24 = -5*x - x. Suppose -x*k - k = -5*z + 105, 100 = 5*z - 4*k. Suppose -z = -3*v + v. What is the units digit of v?
8
Suppose -4*s = 8, -4*n - 5*s + 754 = -3*n. Suppose 3*b - n = -4*w, -b - 168 + 448 = -5*w. What is the units digit of b?
0
Suppose 1252 = -10*g + 14*g + 4*s, 2*s = -6. What is the units digit of g?
6
Suppose 8*g - 5*g = 30. What is the units digit of (568/20)/(4/g)?
1
Let s(g) = g**3 + 8*g**2 + 12*g + 12. Let d be s(-6). What is the units digit of (1 + 135/4)/(3/d)?
9
Let w(u) = 333*u**2 + 2*u. Let b be w(-1). Let a = 498 - b. What is the hundreds digit of a?
1
What is the hundreds digit of 626 + (-1 + 2)*8?
6
Suppose 8*j - 2*d + 409 = 13*j, 330 = 4*j + 3*d. What is the tens digit of j?
8
Let h(y) = y**2 + 6*y - 6. Let j be h(-7). Suppose 0 = 4*r - 7 - j. Suppose 5*l + 3*w - 62 = 5, -r*w = -4*l + 36. What is the tens digit of l?
1
Suppose 0*j = 5*j - 5. Let l be j + 101 - (-2)/1. Let k = -53 + l. What is the units digit of k?
1
Suppose -5*v + 26 = -u, -u = -v + 2*u + 8. Suppose -v + 30 = s + x, -2*x - 2 = 0. What is the tens digit of s?
2
Let m be (-4)/5 + 4/(-60)*-57. Suppose -322 - 20 = -m*y. What is the hundreds digit of y?
1
Let s = 69 - 70. What is the units digit of (-275 - 7)/(-1 + s)?
1
Suppose -4*k = -x + 3, -k - 15 = -5*x - 6*k. Suppose 2*v = -5*u + 51, u = x*u - 6. Suppose 4*s - v = s. What is the units digit of s?
6
Suppose 3*f - 8 = 43. Suppose 0 = -2*b - 13 - f. Let z = b + 43. What is the units digit of z?
8
Let z = -9 - -8. Let g(f) = -33*f**3 + f**2 + 3*f + 2. What is the tens digit of g(z)?
3
Suppose o = -4*o - z + 28, 4*o - 2*z = 14. Suppose o*x = -102 + 327. What is the units digit of x?
5
Suppose 12 = 4*z + 4. Suppose 79 = -b + z*b. What is the units digit of b?
9
Suppose c + 4*x - 87 = 591, 0 = 3*c - 5*x - 1983. What is the units digit of c?
6
Suppose 3*s + 4*l - 116 = 52, 245 = 5*s - 5*l. Suppose -47*x + s*x = 570. What is the units digit of x?
4
Let b(v) = -v**2 - 7*v - 6. Let d(x) = x + 14. Let k be d(-18). What is the units digit of b(k)?
6
What is the units digit of 32/40 + (-21812)/(-10)?
2
Let i be 162*((-45)/(-6))/(-3). Let k be 1/1*i/(-9). Let d = k + -32. What is the tens digit of d?
1
Suppose -5*j + 0*j - 35 = 0. Let m = -1 - j. Suppose -2*u - 56 = -m*u. What is the tens digit of u?
1
Let g(q) = -q + 20. Let x be g(0). Suppose -o - o = -x. Let d = o - -23. What is the tens digit of d?
3
Let i = 6 - -12. Let f = i - 16. Suppo